52*f - 672 = -3*g, 2*g - 458 = 3*f. Let p(b) = 11*b**2 + 2*b + 4. Let c be p(-2). Calculate the greatest common divisor of g and c.
44
Suppose -318*z + 319*z = 108. What is the greatest common divisor of z and 3?
3
Let b be (656/18 - 14)*9. Calculate the greatest common factor of b and 30906.
202
Suppose 342 = 2*l - 5*k, -4*k + 8*k = -2*l + 360. Suppose -10*w + 114 = -46. Calculate the greatest common divisor of l and w.
16
Let j be 1*(-5 + (-13 - -1198)). Calculate the highest common divisor of j and 40.
20
Let f(r) = 2*r - 59. Let b be f(43). Let t(w) = w - 5. Let i be t(8). What is the highest common divisor of i and b?
3
Suppose 148*h = 187606 + 93150. Calculate the greatest common factor of h and 77.
7
Let y be (-21*(-7 - (-440)/56))/(2/(-2)). Calculate the highest common factor of y and 38.
2
Let a = 493574 - 493560. Let i = 0 - -2. Suppose k - i*q = 48, 2*k - 86 - 13 = 5*q. What is the highest common divisor of a and k?
14
Let p(m) = m**3 + 2*m**2 - 1. Let f = -4 + 10. Let k be 8 - ((-2)/f)/(4/(-12)). Let i be p(k). Calculate the highest common divisor of 40 and i.
40
Suppose 0 = 2*z - 12, -28*q + 24*q + 566 = z. What is the greatest common factor of q and 1288?
28
Suppose 18*k = 31*k - 5837. Let d = 491 - k. What is the greatest common factor of 238 and d?
14
Suppose -3*z = -4*z + 5*m + 1, 5*z - 65 = 5*m. Calculate the greatest common divisor of 108 and z.
4
Let d be ((-78)/18 - -15)*2/4*1077. What is the greatest common divisor of d and 16?
16
Suppose 3*h - 20 = -680*u + 675*u, -8 = -2*u + 4*h. What is the greatest common divisor of 3644 and u?
4
Let k be (59044/8 - (-2)/4) + (12 - 4). Calculate the greatest common divisor of k and 18.
9
Let h be (80/12)/((-5)/(-6)). Suppose -h*k = -25*k + 289. Calculate the highest common divisor of k and 136.
17
Let y be 2 + (0/(-2) + -4 - -5) - -33881. Calculate the greatest common factor of y and 172.
172
Suppose -64 = -7*m - 8. Let p be ((-2)/m - -1)/(3/(-12)). Let t be -6*(-2)/p + 52. Calculate the greatest common divisor of 8 and t.
8
Suppose 0 = -3*t + 8*t - 170. Suppose -3*p - 345 = -2*m, -2*m + 6*p = 2*p - 348. Let x = 304 - m. What is the greatest common divisor of x and t?
34
Let j(t) = -2*t**3 + t**2 + 12*t + 10. Let f = 49 + -44. Suppose 2*g = -q - q, -g + f = 0. Let o be j(q). What is the highest common divisor of 25 and o?
25
Suppose -13 - 15 = -d. Suppose -1023*q + 20 = -1043*q. Let m be ((d/5)/q)/(14/(-35)). Calculate the greatest common factor of 14 and m.
14
Let c = 20466 - 19426. Calculate the highest common factor of c and 1840.
80
Suppose 0 = -5*v - 4*z + 1075, -6*v + 1105 = -v - 2*z. What is the greatest common divisor of 3 and v?
3
Let o = 127 + -173. Let n = o + 60. Let u be 70/3*15/5. What is the greatest common divisor of u and n?
14
Suppose 861 = 14*n - 21*n. Let a = -115 - n. What is the greatest common factor of a and 72?
8
Suppose 5*l - 96 = -h, 15 = -l - 4*l. Let f = 444 + h. Suppose -2*y - y = -s - 325, -5*y - s = -f. Calculate the greatest common factor of 10 and y.
10
Let t = 571 + -416. Calculate the highest common factor of 15 and t.
5
Let f be 751 - ((-9)/((-234)/4) - 30/26). Calculate the greatest common divisor of 282 and f.
94
Suppose 0*o - 19 = -3*o - 5*d, 2*d - 6 = -o. Suppose -50 = -o*q - 2*q. Suppose -q*t = -3*t - 48. What is the highest common factor of 60 and t?
12
Let p(s) = s**3 + 22*s**2 + 2*s + 62. Let g be p(-22). Suppose 324 = g*h - 6*h. Calculate the greatest common factor of 513 and h.
27
Let r(p) = -p**3 + 48*p**2 + 18*p - 30. Let t be r(42). Calculate the highest common divisor of 13 and t.
13
Let i(g) = 14*g**2 - 28554 + g**3 - g + 21*g + 28594. Let u be i(-12). What is the highest common divisor of u and 40?
8
Let k be (-3)/7 + (15690/56 - 11/(-44)). What is the greatest common divisor of k and 5?
5
Let o(u) be the first derivative of u**3/3 - 7*u**2/2 - 116*u - 236. Let h be o(20). What is the highest common divisor of h and 4?
4
Let y be 0 + 5 + (-42 - -40). Let t = 984 - 982. Calculate the highest common factor of y and t.
1
Let z be (-7 - -2)/(1/(-33)). Let i = 241 - z. What is the greatest common divisor of 95 and i?
19
Let y = -2337 - -2774. What is the highest common factor of y and 161?
23
Let c be 9*(32/6 - 4). Let s(r) = -c - 13 - 3*r - 7 - 2. Let k be s(-13). What is the greatest common divisor of 1 and k?
1
Let t(z) = z**2 + 40*z + 14. Let u be t(11). Suppose -14*d + u = 11*d. What is the highest common divisor of 23 and d?
23
Suppose -5*h - 6*q = -5442, -3*h - 57*q + 3205 = -62*q. Calculate the greatest common factor of 620 and h.
20
Let s = 6132 + -6088. What is the greatest common factor of 341 and s?
11
Suppose 2*q - q - 1865 = -2*m, -7510 = -4*q + 2*m. Suppose -29*z + q = -561. What is the greatest common divisor of z and 60?
12
Suppose 1116 = -80*k + 111*k. What is the greatest common factor of 696 and k?
12
Let g be 1630/(-50) - (-6)/10. Let u = -25 - g. Suppose -u*a = -9*a + 114. Calculate the greatest common factor of a and 38.
19
Let s(u) = 4*u**2 - 17*u + 23. Let p be s(10). Suppose 6*b - 5*q = 9*b - 212, -4*q = 2*b - 142. Calculate the greatest common factor of b and p.
23
Let t be (7/21)/((-6)/(-1980)). Let y = t - 68. Calculate the greatest common divisor of y and 546.
42
Suppose 3*x = 88 + 89. Let r be (-7)/4*-2 - (-1)/(-2). Suppose 209 - x = r*l. Calculate the greatest common divisor of l and 20.
10
Let n be (-12)/16*((-30)/(-75) - 282/5). What is the greatest common factor of 399 and n?
21
Let u(r) = 2*r**2 - r + 23. Let t be u(5). Let a(z) = z**3 - 5*z**2 - 6*z + 2. Let w be a(6). Let d = w - -15. Calculate the highest common divisor of d and t.
17
Suppose 25*f = -32654 - 6521. Let j = 1583 + f. Let h = -180 - -340. What is the highest common divisor of j and h?
16
Suppose 46 = 5*g - 4. Let s = g - 19. Let u(j) = -j**2 - 11*j. Let r be u(s). Calculate the greatest common factor of r and 27.
9
Let y be -2*(9 + -8 + 45*-1). Let u = -85 + y. Let l be u/(-4) - ((-3960)/32 + 8). Calculate the greatest common divisor of 46 and l.
23
Let s(h) = -7*h**3 - 4*h**2 - 15*h + 16. Let i be s(-4). Calculate the greatest common divisor of 12 and i.
4
Suppose v - 1184 = -4*w, -2*v + w = 364 - 2777. What is the greatest common factor of 14 and v?
14
Let k = -26 - -332. Let x be k/3 - (-1 + -1). Let t = -73 + x. Calculate the greatest common factor of t and 341.
31
Let x(h) = -h**2 - 60*h + 49. Let p = 210 - 233. Let g be x(p). Calculate the greatest common divisor of 36 and g.
36
Let y(w) = w**3 - 9*w - 108. Let r be y(0). Suppose 481 = 5*k - 284. Let f = k + r. Calculate the highest common factor of f and 15.
15
Suppose 10 + 30 = 2*j + 5*l, -4*l = 5*j - 100. Suppose 2840 - 13040 = -250*z - 90*z. Calculate the greatest common divisor of z and j.
10
Suppose 301*t - 21406 = 23*t. Let v(g) = 7*g - 3. Let n be v(2). What is the highest common factor of n and t?
11
Let t(z) = z**3 + 16*z**2 - 6*z + 21. Let v be t(-16). Let j = -111 + v. What is the highest common divisor of 4 and j?
2
Suppose 2 = 17*f - 66. Calculate the greatest common divisor of 324 and f.
4
Let f(q) = -84*q**3 - 7*q**2 - q - 1. Let h be f(-1). Let u = -88 - -155. Let m = h - u. What is the greatest common factor of 130 and m?
10
Let s(p) = 3*p**2 + 4*p + 4. Let w be s(-3). Suppose -g - 10 = -w. Calculate the greatest common divisor of g and 3.
3
Let d(j) = -j**3 - 57*j**2 + 44*j + 1158. Let y be d(-58). What is the greatest common factor of 270 and y?
10
Let o be (45/(-18))/((10/24)/(-5)). Suppose 42*b = 40*b + o. Suppose 18*v - 78 = b*v. What is the greatest common factor of 65 and v?
13
Suppose 4*k - 5 = 27. Let h(q) = 2*q**3 + 14*q**2 - 3*q - 17. Let a = -119 - -112. Let u be h(a). What is the greatest common factor of u and k?
4
Let y(t) be the third derivative of 7*t**4/24 + 121*t**3/6 + 7*t**2 + 17*t. Let x be y(-17). Calculate the highest common divisor of x and 25.
1
Let g = -1444 + 1720. What is the greatest common divisor of g and 1173?
69
Let a(d) = 2*d**2 - 7*d - 19. Let y be a(-11). Suppose -7*z = -211 - y. Let w = 111 - z. What is the highest common factor of 95 and w?
19
Suppose -27*x + 28*x = 43. Let r = x - 22. Calculate the highest common divisor of 98 and r.
7
Suppose -8*h + 3*h - 23 = -a, -3*a - 2*h = -52. What is the highest common factor o